 base 7
2344
7 (base 8) to base 13
7
Convert 102122122 (base 3) to base 2.
10000100101111
Convert 132a (base 11) to base 7.
5014
What is 122444 (base 5) in base 13?
2214
11111010100010 (base 2) to base 3
210222212
What is -860 (base 13) in base 12?
-9b2
Convert 86 (base 14) to base 4.
1312
Convert 1213320 (base 4) to base 12.
3a20
Convert -430 (base 14) to base 5.
-11301
Convert -6473 (base 8) to base 3.
-11122110
Convert 27d (base 15) to base 10.
568
What is -28092 (base 13) in base 12?
-37369
What is -11111110001111 (base 2) in base 5?
-1010041
14213 (base 9) to base 4
2112303
What is -c280 (base 14) in base 12?
-17420
525 (base 11) to base 4
21320
-4427 (base 9) to base 2
-110011000001
What is -20 (base 6) in base 9?
-13
Convert -1352 (base 9) to base 13.
-605
21012021 (base 3) to base 13
2506
What is 100010000 (base 2) in base 15?
132
Convert 222022222 (base 3) to base 9.
28288
What is -308b (base 14) in base 9?
-12413
Convert 1010001011001 (base 2) to base 15.
1824
What is 443 (base 11) in base 16?
213
Convert 3164 (base 9) to base 5.
33301
103020 (base 5) to base 11
2701
1f5 (base 16) to base 6
2153
-37c (base 15) to base 11
-660
Convert 100010000101001 (base 2) to base 3.
212221021
Convert 11332103 (base 4) to base 12.
121ab
Convert 21406 (base 7) to base 16.
14e3
What is 257 (base 16) in base 13?
371
What is -301334 (base 5) in base 3?
-111011100
Convert -8189 (base 10) to base 2.
-1111111111101
What is 2210 (base 8) in base 10?
1160
What is -14156 (base 9) in base 10?
-9609
What is 1201313 (base 4) in base 3?
22120222
Convert -5a56 (base 12) to base 7.
-41403
What is -4d98 (base 14) in base 9?
-20655
Convert 66 (base 12) to base 10.
78
What is b79c (base 15) in base 13?
148b3
Convert -a39 (base 11) to base 13.
-754
627 (base 9) to base 3
200221
2131333 (base 4) to base 7
41323
-111413 (base 5) to base 11
-2aa1
Convert -216 (base 8) to base 12.
-ba
What is 12446 (base 9) in base 11?
6333
What is 100010111110 (base 2) in base 8?
4276
-10001001010001 (base 2) to base 15
-290a
What is -154 (base 14) in base 6?
-1130
-b35 (base 13) to base 7
-5356
Convert -434 (base 9) to base 13.
-214
1113222 (base 5) to base 9
30153
Convert 127 (base 11) to base 14.
aa
What is 13200 (base 7) in base 9?
4750
133202 (base 5) to base 12
3183
Convert 9032 (base 10) to base 5.
242112
-26851 (base 10) to base 3
-1100211111
What is -482 (base 9) in base 8?
-616
-8b3 (base 15) to base 7
-5511
100233 (base 5) to base 8
6171
2324 (base 5) to base 11
289
What is -73363 (base 10) in base 13?
-27514
What is 10011010 (base 2) in base 16?
9a
Convert -11224 (base 5) to base 15.
-394
Convert 9096 (base 10) to base 11.
691a
632 (base 9) to base 13
308
830 (base 15) to base 12
1099
-c4 (base 15) to base 4
-2320
Convert -171303 (base 8) to base 15.
-13632
What is -16524 (base 14) in base 15?
-11862
101100010011100 (base 2) to base 5
1211214
Convert 42231 (base 5) to base 2.
101100000000
What is -426 (base 15) in base 12?
-660
Convert 3227 (base 8) to base 4.
122113
What is 28845 (base 9) in base 11?
13838
Convert 2423 (base 6) to base 15.
296
Convert 12200 (base 3) to base 4.
2121
-3444 (base 6) to base 12
-584
Convert 12021 (base 4) to base 10.
393
What is -5451 (base 6) in base 3?
-1201111
163204 (base 7) to base 11
22334
What is 3488 (base 11) in base 16?
11dd
What is 411 (base 7) in base 15?
d9
Convert -10215 (base 8) to base 16.
-108d
What is -35553 (base 6) in base 12?
-2bb9
262 (base 7) to base 10
142
Convert -1003303 (base 4) to base 14.
-181d
cc (base 15) to base 11
165
Convert -2326 (base 9) to base 2.
-11010111101
Convert -14904 (base 12) to base 16.
-7114
35cd (base 15) to base 9
16624
12512 (base 8) to base 12
31a2
Convert d88e (base 16) to base 2.
1101100010001110
Convert 3517 (base 14) to base 6.
110425
What is -681b (base 13) in base 15?
-44a8
2653 (base 11) to base 14
1382
6c66 (base 16) to base 9
42053
-22262 (base 8) to base 7
-36250
211363 (base 7) to base 14
d46a
Convert 2310 (base 12) to base 2.
111100111100
-908 (base 12) to base 14
-692
What is 12101 (base 4) in base 3?
112212
Convert 30027 (base 10) to base 6.
351003
What is -1422 (base 14) in base 10?
-3558
What is 7142 (base 9) in base 8?
12146
12033 (base 8) to base 11
395a
-356 (base 8) to base 13
-154
Convert -984 (base 10) to base 5.
-12414
What is 3da4 (base 14) in base 12?
63a4
What is -1312420 (base 5) in base 13?
-ba9b
Convert 604 (base 8) to base 13.
23b
-5364 (base 13) to base 12
-6846
-7004 (base 9) to base 16
-13f3
What is -10010010001111 (base 2) in base 13?
-434c
What is 4623 (base 7) in base 5?
23213
Convert 2327 (base 8) to base 12.
873
What is 202010 (base 3) in base 9?
663
-1000111122 (base 3) to base 16
-4e53
Convert -737 (base 8) to base 14.
-263
Convert 1555 (base 6) to base 4.
12233
What is 7474 (base 10) in base 6?
54334
What is -215 (base 6) in base 9?
-102
What is -d14 (base 15) in base 2?
-101110000000
Convert -8c5a (base 14) to base 13.
-b139
What is -267 (base 16) in base 9?
-753
12230 (base 5) to base 16
3ac
What is 103 (base 5) in base 15?
1d
Convert -6849 (base 10) to base 6.
-51413
-974 (base 10) to base 7
-2561
Convert 200131 (base 4) to base 2.
100000011101
What is 101111002 (base 3) in base 2?
1110111011011
What is 100122 (base 4) in base 14?
550
53874 (base 10) to base 13
1b6a2
Convert -100110000 (base 2) to base 12.
-214
-10520 (base 9) to base 3
-100120200
What is 10113 (base 5) in base 15?
2dd
3732 (base 13) to base 9
11643
Convert -23223213 (base 4) to base 14.
-13619
250 (base 7) to base 10
133
Convert -61405 (base 7) to base 16.
-3a66
What is 101022210 (base 3) in base 12?
4433
What is 2204 (base 14) in base 7?
23104
-7eb2 (base 16) to base 10
-32434
2574 (base 9) to base 2
11110001010
What is -421435 (base 6) in base 15?
-a16e
Convert 1625 (base 10) to base 5.
23000
What is -a9 (base 15) in base 16?
-9f
Convert -111010 (base 2) to base 14.
-42
-469 (base 13) to base 6
-3311
-413 (base 10) to base 16
-19d
What is -1200012100 (base 3) in base 15?
-9b69
What is -1431311 (base 5) in base 10?
-30206
546 (base 7) to base 9
340
-43ff (base 16) to base 12
-a0a7
Convert 432341 (base 6) to base 8.
105345
124143 (base 6) to base 7
44634
Convert 12937 (base 10) to base 13.
5b72
What is -1223302 (base 4) in base 16?
-1af2
Convert -1340 (base 5) to base 9.
-264
What is 11110101 (base 2) in base 8?
365
248 (base 10) to base 9
305
What is 21251 (base 7) in base 3?
21020112
Convert -1a8d (base 14) to base 15.
-166e
Convert -13265 (base 8) to base 11.
-4405
1101011100100111 (base 2) to base 5
3230304
-43a5 (base 14) to base 2
-10110110111101
Convert 63830 (base 9) to base 2.
1010010011110100
Convert -233443 (base 5) to base 3.
-102211101
What is -11222120 (base 3) in base 2?
-111000110001
Convert -1323333 (base 4) to base 16.
-1eff
Convert -2011200 (base 3) to base 9.
-2150
Convert 2102120 (base 3) to base 9.
2376
Convert -433 (base 6) to base 4.
-2211
-7909 (base 10) to base 16
-1ee5
Convert 2a677 (base 13) to base 9.
132015
-20a5 (base 14) to base 8
-13001
-21 (base 8) to base 4
-101
Convert -1010110000010 (base 2) to base 10.
-5506
What is 22a1 (base 12) in base 14?
15a1
What is 371 (base 8) in base 3?
100020
Convert a3c (base 15) to base 8.
4403
What is -10b6 (base 14) in base 13?
-1425
-19c2 (base 13) to base 5
-111001
11102101 (base 3) to base 5
100343
Convert -18598 (base 10) to base 12.
-a91a
2db1 (base 14) to base 9
12211
Convert -3242 (base 6) to base 14.
-3b4
What is -479 (base 15) in base 16?
-3f6
Convert 1681 (base 11) to base 8.
4142
695f (base 16) to base 5
1330400
203220 (base 5) to base 6
50541
Convert 101110111 (base 3) to base 11.
5804
Convert -1155 (base 9) to base 14.
-456
32065 (base 8) to base 11
a050
Convert 30431 (base 5) to base 12.
119b
What is 1bb07 (base 15) in base 3?
11120202221
What is -a9 (base 12) in base 4?
-2001
cd7 (base 16) to base 4
303113
What is 2233120 (base 5) in base 9?
60515
-733 (base 8) to base 2
-111011011
What is 62 (base 13) in base 10?
80
Convert 11110110101 (base 2) to base 8.
3665
Convert -1022002120 (base 3) to base 9.
-38076
-2a36 (base 11) to base 4
-331013
-121021000 (base 3) to base 10
-11853
What is -14c (base 16) in base 2?
-101001100
What is -5585 (base 10) in base 8?
-12721
Convert 11117 (base 8) to base 11